{"id":802,"date":"2010-10-19T13:26:41","date_gmt":"2010-10-19T11:26:41","guid":{"rendered":"http:\/\/www.meta-physik.com\/blog\/?page_id=802"},"modified":"2020-12-08T12:49:04","modified_gmt":"2020-12-08T11:49:04","slug":"apex-design","status":"publish","type":"page","link":"https:\/\/www.meta-physik.com\/blog\/apex-design\/","title":{"rendered":"APEX"},"content":{"rendered":"<p><span style=\"color: maroon;\"><strong>Ihr Corporate Design in APEX-Applikationen<\/strong><\/span><\/p>\n<p><img loading=\"lazy\" decoding=\"async\" class=\"size-full wp-image-805\" title=\"apex\" src=\"http:\/\/www.meta-physik.com\/blog\/wp-content\/uploads\/2010\/10\/apex.png\" alt=\"apex\" width=\"56\" height=\"56\" align=\"right\" hspace=\"6\" \/>Oracle Application Express (APEX) ist eine Mischung aus Entwicklungsumgebung und Contentmanagementsystem. Es ist ein Rapid-Development-Tool zur Erstellung von datenbankbasierten Programmen mit Web-Interface.<\/p>\n<p>Anders als bei herk\u00f6mmlichen Programmiersprachen ist hier das Design der Benutzeroberfl\u00e4che von der Applikationsentwicklung getrennt und standardisiert. Die Applikation wird mit Themes gestaltet, die auf Stylesheets basieren und der gesamten Applikation \u00fcbergest\u00fclpt werden.<\/p>\n<p>Da dieses Werkzeug urspr\u00fcnglich aus der Datenbankentwicklung kommt, wird es in erster Linie von Programmieren benutzt, nicht von Webdesignern. Oracle selbst bietet nat\u00fcrlich einige interessante Themes, doch die Auswahl ist relativ eingeschr\u00e4nkt.<\/p>\n<p>Wenn Unternehmen mit APEX erstellte Applikationen verwenden, sollten diese jedoch nicht in einem der wenigen Standard-Layouts erscheinen, sondern nach den Richtlinien des firmeneigenen Corporate Designs gestaltet werden.<\/p>\n<p>Da ich die Aufgabe interessant finde, mit APEX erstellte Anwendungen visuell aufzuwerten, biete ich die Anpassung von APEX-Themes an Corporate Designs. Damit schlage ich \u00fcber das Design eine Br\u00fccke von den Entwicklern zu den Anwendern.<\/p>\n<p>Meine Aufgabe sehe ich darin, die Grundlagen von gelungenem visuellem Design umzusetzen. Nat\u00fcrlich unterst\u00fctze ich auch gerne bei der Umsetzung eines bereits definierten Designs.<\/p>\n<p>Programmieren wird nachgesagt, dass sie wenig von Corporate Design verstehen, w\u00e4hrend Designer oft wenig Ahnung von Technik und Programmierung haben. Diese L\u00fccke kann ich mit meinen Kenntnissen schlie\u00dfen.<\/p>\n<p><strong>Fragen dazu?<\/strong> Schicken Sie ein E-Mail an <a href=\"mailto:office@meta-physik.com\">office@meta-physik.com<\/a> oder rufen Sie mich an! Tel.: 0680\/122 8 244.<\/p>\n","protected":false},"excerpt":{"rendered":"<p>Ihr Corporate Design in APEX-Applikationen Oracle Application Express (APEX) ist eine Mischung aus Entwicklungsumgebung und Contentmanagementsystem. Es ist ein Rapid-Development-Tool zur Erstellung von datenbankbasierten Programmen mit Web-Interface. Anders als bei herk\u00f6mmlichen Programmiersprachen ist hier das Design der Benutzeroberfl\u00e4che von der Applikationsentwicklung getrennt und standardisiert. Die Applikation wird mit Themes gestaltet, die auf Stylesheets basieren und [&hellip;]<\/p>\n","protected":false},"author":3,"featured_media":0,"parent":0,"menu_order":4,"comment_status":"open","ping_status":"closed","template":"","meta":{"footnotes":""},"_links":{"self":[{"href":"https:\/\/www.meta-physik.com\/blog\/wp-json\/wp\/v2\/pages\/802"}],"collection":[{"href":"https:\/\/www.meta-physik.com\/blog\/wp-json\/wp\/v2\/pages"}],"about":[{"href":"https:\/\/www.meta-physik.com\/blog\/wp-json\/wp\/v2\/types\/page"}],"author":[{"embeddable":true,"href":"https:\/\/www.meta-physik.com\/blog\/wp-json\/wp\/v2\/users\/3"}],"replies":[{"embeddable":true,"href":"https:\/\/www.meta-physik.com\/blog\/wp-json\/wp\/v2\/comments?post=802"}],"version-history":[{"count":12,"href":"https:\/\/www.meta-physik.com\/blog\/wp-json\/wp\/v2\/pages\/802\/revisions"}],"predecessor-version":[{"id":2280,"href":"https:\/\/www.meta-physik.com\/blog\/wp-json\/wp\/v2\/pages\/802\/revisions\/2280"}],"wp:attachment":[{"href":"https:\/\/www.meta-physik.com\/blog\/wp-json\/wp\/v2\/media?parent=802"}],"curies":[{"name":"wp","href":"https:\/\/api.w.org\/{rel}","templated":true}]}}